*2 - 15*d + 17. Let z be q(-13). Let n = z + -41. Suppose 0 = n*l - 7*l - 5, -3*l = -3*k + 540. Is k composite?
False
Let n be (-92238)/((-6)/1) - -7. Is (n/(16/4))/1 composite?
True
Let y = 69931 - -7450. Is y a prime number?
False
Let q = 5209 + -3355. Let f = 2997 - q. Suppose -5*g = 4*g - f. Is g composite?
False
Let n(p) = -3*p**2 + 25*p + 16. Let u be n(8). Let t(g) = 45*g + 67. Is t(u) a composite number?
True
Let p(g) = 132*g**2 + 2. Suppose 6*y + 2 = 5*y. Let w be p(y). Suppose 3*b - 432 = 3*x, 5*b - 200 = 3*x + w. Is b prime?
True
Let g = 197 - 121. Suppose -80*y = -g*y - 496. Let w = y + 25. Is w prime?
True
Suppose 4*y - 23600 = 2*r, 2*y - 8081 = 2*r + 3719. Suppose -5*w + 28865 = -y. Is w a composite number?
True
Is -2 - -153890 - (90 - 73) a composite number?
False
Is -2*(152860/(-8) + -2) composite?
False
Let q(s) = -12*s**2 + 6*s - 8. Let i(d) = 10*d**2 - 6*d + 8. Let v(p) = 4*i(p) + 3*q(p). Is v(21) a composite number?
True
Let o(v) = 3*v**3 + 84*v**2 - 17*v + 61. Let r be o(-28). Suppose 5*l + 541 = 4831. Let w = l - r. Is w prime?
False
Suppose u = -2*i + 6*u + 26, 4*u + 16 = 0. Suppose -7*l = -i*l - 59236. Is l a prime number?
False
Suppose -281*x + 87679438 - 22155220 = -122*x. Is x prime?
False
Let u be -5490 + (-8)/(-4) + 0. Let r = -2699 - u. Is r a prime number?
True
Let g(r) be the third derivative of -1/4*r**5 - 17/6*r**3 + 11/24*r**4 + 0*r + 7*r**2 + 0 - 1/60*r**6. Is g(-11) a composite number?
False
Let p be ((-1)/(-2))/(2/4). Let g be ((-10)/(-6))/p*201. Let a = 1384 - g. Is a prime?
True
Let j be (-1)/(((-20)/(-8))/(-5)). Suppose -4*i - 12 = 0, -i - j*i = -3*a + 18. Suppose -12*q = -a*q - 171. Is q a prime number?
True
Suppose -3*u + 5*q + 5 = -0, 17 = -5*u + 2*q. Let j(g) = g**3 + 5*g**2 + g + 5. Let o be j(u). Suppose h = -5, 5*k + o*h = h + 300. Is k prime?
True
Suppose 0 = 103*n - 137*n + 3093626. Is n prime?
True
Is 6 + (-2 - 2) + -2 - -233437 a composite number?
False
Suppose -3*w - 3*a = 15, -2*w - 3*a = 9 - 0. Let n be w*(-4)/6 + 4. Suppose n*l - 1635 = 5*l. Is l a prime number?
False
Suppose 0 = -4*m + 4, 4*m - 212058 = -4*x + 78674. Is x a prime number?
False
Suppose 42*b - 188 = -5*b. Is (-23)/(-92) + (-5)/b*-3423 composite?
True
Is 24/(-45)*12003/(-4)*(0 - -5) prime?
False
Is (-6868167)/(-9) + 9/(486/(-36)) a prime number?
False
Let x(w) = 5170*w + 3547. Is x(27) composite?
False
Let y(v) = v**3 + 6*v**2 - v - 2. Let a be y(-6). Suppose 5*i + 5*l = -0*l - 915, -2*l = a*i + 736. Let f = i - -370. Is f a prime number?
False
Let v(j) = -9059*j - 5030. Is v(-15) prime?
False
Suppose -97*v = -25*v - 547416. Is v composite?
False
Suppose -2*h + 521953 = -5*f, 66*h + 5*f + 260984 = 67*h. Is h a prime number?
True
Let s be (7/(14/12))/((-10)/(-17335)). Suppose 7 = 2*y + 1, -3*b = y + s. Let r = -1733 - b. Is r prime?
False
Is 306674*(8 + 225/(-30)) prime?
True
Let u be (-2049 - -16) + (2 + -1 - -2). Let j = u + 3001. Is j a composite number?
False
Is 213791/((-130)/325*(-5)/2) a composite number?
False
Suppose 6*d - 4*m - 256141 = 3*d, -4 = 4*m. Is d a prime number?
False
Is 3/(6/554804) + (465 - 456) prime?
True
Let l = 34000 - 23058. Suppose -l = -y - y. Is y prime?
True
Let o(m) = m**2 + 13*m - 90. Let u be o(5). Suppose u = 4*s - 5*h - 22546, -45*s + 42*s - 2*h = -16921. Is s prime?
True
Suppose -w = 2*d + 6, 6*d + 38 = -4*w + 5*d. Let m be (-33)/2*w/15. Suppose -1630 = -m*k + k. Is k prime?
True
Let v = 16 + -17. Let r be (1 - -3)/v - -8. Suppose -5*f + m = -2*m - 3655, 2*m = r*f - 2926. Is f composite?
True
Let h(y) = -783*y + 150. Let w be h(-32). Suppose 14*v + w = 20*v. Is v a composite number?
False
Suppose 107166 = 11*g + 9882. Suppose 2*l - 6149 - g = -t, -6 = -2*t. Is l a composite number?
True
Is -11 + 11 + (-1)/(-6) - 1236970/(-12) prime?
False
Is 2/(-8) + ((-4385115)/(-28) - -8) prime?
True
Suppose -628 - 308 = -13*q. Suppose -h + q + 470 = 0. Is h a composite number?
True
Suppose -g - 2*t = -14, -2*t = -7 - 3. Is 8191 + (4 - g)/(4 - 5) prime?
True
Suppose 4*k + 4*h = 478504, 14*k - 21*h = -24*h + 1674665. Is k a prime number?
True
Let k(t) = 1500*t**2 + 33 + 27*t - 1489*t**2 - 10. Is k(-26) a composite number?
True
Let a be (8/(48/(-3)))/((-2)/24). Let x(k) = 110*k**3 - 9*k**2 - 9*k + 17. Is x(a) a prime number?
True
Let o(q) = q**3 - 12*q**2 - 12*q - 13. Let r be o(13). Suppose 0*j + 21 = 2*i - 5*j, 3*j + 9 = r. Is ((-5109)/i*1)/(-1) a composite number?
True
Let x(a) = -a**2 - 26*a + 60. Let r be x(-28). Let u(o) = 46*o**2 - 50*o - 15. Is u(r) composite?
False
Let q(g) = 17*g**2 + 38*g - 73*g + 31*g - 4. Let t(j) = 4*j**3 + 3*j**2 + j - 1. Let i be t(-1). Is q(i) a composite number?
True
Suppose 2*t = 4*a + 89 + 111, 124 = t + 4*a. Let j be (41/2)/(8/16). Let l = t - j. Is l prime?
True
Is (-3)/12 + (-118416)/(-16)*(-34)/(-8) a prime number?
False
Let f = -740 + 742. Suppose 39089 = 3*d - f*o, 0 = 12*d - 10*d - 3*o - 26066. Is d a prime number?
False
Let y(l) = 66*l**2 + 4*l + 1. Let h = 49 - 44. Let x(q) = -q**3 + 4*q**2 + 4*q + 9. Let t be x(h). Is y(t) prime?
False
Let c = -5035 + 19776. Is c composite?
False
Suppose 0 = 2*g + 5*l + 37733, 15*l = 13*l + 10. Is g/(-15) - 12/(-30) a composite number?
False
Let v(r) = r - 3. Let z be v(-7). Let w(t) be the third derivative of 2*t**5/15 - 5*t**4/12 - 23*t**3/6 + 9*t**2. Is w(z) composite?
False
Suppose 0 = -0*l + 4*l - 1040. Let m = 279 - 277. Suppose 0 = f + n - 270, -f - l = -m*f + n. Is f a composite number?
True
Suppose 0 = -2*z + 2, -2*p = 2*p + 4*z - 24. Suppose p*w - 226 = 1429. Is w a composite number?
False
Suppose 23*t - 17*t = 12. Suppose 0 = -h - 1, -9*o = -8*o + t*h - 1943. Is o a prime number?
False
Suppose 71*h - 1129028 = -27*h - 18*h. Is h prime?
True
Suppose -3323287 = -5*k - 3*n, -22*n = 2*k - 19*n - 1329304. Is k composite?
False
Let h(t) = -4*t**2 + 2*t - 6. Let b be h(0). Is (14 - 13)/(b/(-56022)) prime?
True
Is (-1)/(-5 - 403848/(-80772)) a composite number?
True
Suppose 4*s - 228190 = -6*z, 3*s - 23*z - 171190 = -18*z. Is s composite?
True
Let j be ((-8)/(-3))/(1/9). Suppose 0 = -2*a - 0*a + 4*l + 8, j = -a - 5*l. Is (12/(-3))/a*479 composite?
False
Let g = 301 - 285. Suppose -o = -2*q - 1585, 20*o - 6333 = g*o + q. Is o a composite number?
False
Let h(k) = 31*k + 38457. Let r be h(0). Let n = r + 6248. Is n prime?
False
Suppose 2*r - 4*u - 7 = 1, 0 = -3*r - u + 40. Let z(s) = 21 - 9*s + 22*s - r*s. Is z(16) prime?
True
Suppose 2*f - 6 - 4 = 0. Suppose -5*y + 3*t = -4*y - 2133, 4*t + 10643 = f*y. Is y a prime number?
False
Suppose 0 = 30*z - 4046601 - 152567 + 765998. Is z composite?
True
Let a = -62 + 69. Suppose -5 - a = -2*f. Let y(g) = 36*g**2 + 8*g + 3. Is y(f) composite?
True
Let r(y) be the second derivative of -1/10*y**5 + 3/2*y**2 + 37/6*y**3 + 0 - 33*y + 1/12*y**4. Is r(-7) composite?
False
Suppose -49*a + 5135925 = -14104513. Is a a composite number?
True
Let p(n) = n**3 - 6*n + 8. Let h be p(2). Suppose c = i - 2462, -h*i = -c + 5*c - 9824. Is i prime?
True
Is 32571 - (31 + -33)*(-3 + 2) a composite number?
False
Let i = 1287883 + -754740. Is i composite?
True
Let t(r) = 3*r + 9. Let a be t(-2). Suppose -2*c + a*g = -6400, 16358 = 3*c + 5*g + 6739. Is c prime?
True
Let x = 78681 + -45772. Is x a composite number?
False
Let j(p) = 3*p**3 - 7*p**2 - 2. Let u be j(3). Suppose -2*r + 24 + u = 0. Suppose 15*a - r*a + 1310 = 0. Is a composite?
True
Let y(c) = -c - 245. Let z be y(0). Let n be (4 - 2)/(2 - (-488)/z). Suppose n = 7*h - 19768. Is h a composite number?
True
Is 29/(-319) - (-34300)/22 composite?
False
Suppose -4*d = 3*r - 3926, 2*d = -2*d + 20. Let z = r + 8047. Is z prime?
True
Let x = 26260 - 8433. Is x a prime number?
True
Let w be 9454/14 - -3*(-8)/84. Let f = -8 + w. Is f a composite number?
True
Let l = -268 - -269. Is (l + 705 - (0 + -2)) + 5 composite?
True
Suppose -y + 237 + 6315 = 0. Let k(r) = -4911*r - 4. Let v be k(-1). Suppose 3*n = -2*a + v, -4*n - a + y = -3*a. Is n composite?
False
Suppose -5*p + 142331 = -4*u, 4642 = p + 5*u - 23801. Is p composite?
False
Let z = -267 + 267. Suppose 5*a - 4*q = 27449, -3*a + 3*q = -z*a - 16467. Is a prime?
False
Let n = -5330 + 2904. Let a = n - -6415. Is a prime?
True
Let j = 21828 - -23989. Is j prime?
True
Suppose 1499 = j - 721. Let g = 3305